s digit of 3043114?
0
What is the tens digit of 153850?
5
What is the hundreds digit of 22487663?
6
What is the thousands digit of 465727?
5
What is the millions digit of 3331322?
3
What is the millions digit of 6036914?
6
What is the ten thousands digit of 316126?
1
What is the tens digit of 62162?
6
What is the hundreds digit of 415042?
0
What is the units digit of 1922400?
0
What is the tens digit of 9354406?
0
What is the thousands digit of 1719174?
9
What is the units digit of 24495487?
7
What is the hundreds digit of 462327?
3
What is the tens digit of 2861537?
3
What is the hundreds digit of 348701?
7
What is the thousands digit of 272054?
2
What is the units digit of 692111?
1
What is the millions digit of 3422955?
3
What is the hundreds digit of 16308540?
5
What is the thousands digit of 157861?
7
What is the ten thousands digit of 2344809?
4
What is the hundred thousands digit of 458802?
4
What is the hundred thousands digit of 531413?
5
What is the hundreds digit of 11309241?
2
What is the ten thousands digit of 59474?
5
What is the hundreds digit of 51577?
5
What is the ten thousands digit of 9690193?
9
What is the tens digit of 4239379?
7
What is the hundreds digit of 288496?
4
What is the millions digit of 6446246?
6
What is the millions digit of 22193943?
2
What is the ten thousands digit of 98520?
9
What is the tens digit of 529902?
0
What is the units digit of 228860?
0
What is the units digit of 515630?
0
What is the hundred thousands digit of 2992357?
9
What is the tens digit of 295091?
9
What is the hundreds digit of 129153?
1
What is the tens digit of 1694792?
9
What is the units digit of 5989337?
7
What is the hundred thousands digit of 8771579?
7
What is the tens digit of 3368571?
7
What is the thousands digit of 1925058?
5
What is the units digit of 102286?
6
What is the millions digit of 6060591?
6
What is the tens digit of 116005?
0
What is the units digit of 174524?
4
What is the hundreds digit of 211467?
4
What is the thousands digit of 27468954?
8
What is the thousands digit of 14663846?
3
What is the hundreds digit of 3260818?
8
What is the tens digit of 2306801?
0
What is the hundred thousands digit of 12003174?
0
What is the units digit of 25634586?
6
What is the units digit of 3278437?
7
What is the tens digit of 4877309?
0
What is the hundreds digit of 2920191?
1
What is the ten thousands digit of 311943?
1
What is the millions digit of 3800213?
3
What is the tens digit of 219465?
6
What is the hundred thousands digit of 891355?
8
What is the units digit of 4649505?
5
What is the ten thousands digit of 403062?
0
What is the units digit of 216428?
8
What is the units digit of 62810?
0
What is the units digit of 1555257?
7
What is the millions digit of 4435983?
4
What is the units digit of 1495210?
0
What is the thousands digit of 455920?
5
What is the ten thousands digit of 267654?
6
What is the hundred thousands digit of 4223253?
2
What is the tens digit of 5706911?
1
What is the millions digit of 12268986?
2
What is the units digit of 2699?
9
What is the units digit of 388194?
4
What is the units digit of 19644?
4
What is the hundreds digit of 21089?
0
What is the hundred thousands digit of 191184?
1
What is the thousands digit of 235702?
5
What is the ten thousands digit of 1604372?
0
What is the tens digit of 9107216?
1
What is the units digit of 2124684?
4
What is the ten thousands digit of 7277800?
7
What is the hundreds digit of 32951?
9
What is the hundred thousands digit of 5832626?
8
What is the millions digit of 3376860?
3
What is the hundred thousands digit of 262509?
2
What is the hundreds digit of 6885215?
2
What is the hundred thousands digit of 8679704?
6
What is the tens digit of 6424264?
6
What is the tens digit of 19099?
9
What is the thousands digit of 144464?
4
What is the hundred thousands digit of 3706739?
7
What is the tens digit of 88813?
1
What is the thousands digit of 341914?
1
What is the hundreds digit of 243340?
3
What is the hundreds digit of 880364?
3
What is the millions digit of 31481868?
1
What is the hundreds digit of 211748?
7
What is the thousands digit of 121281?
1
What is the tens digit of 256106?
0
What is the ten millions digit of 16278418?
1
What is the hundreds digit of 88854?
8
What is the millions digit of 2658213?
2
What is the hundred thousands digit of 975659?
9
What is the millions digit of 3792513?
3
What is the ten millions digit of 17054566?
1
What is the units digit of 24086956?
6
What is the units digit of 897090?
0
What is the hundreds digit of 2587073?
0
What is the hundreds digit of 6000218?
2
What is the hundred thousands digit of 141320?
1
What is the tens digit of 8699018?
1
What is the ten thousands digit of 463576?
6
What is the hundreds digit of 66841?
8
What is the ten thousands digit of 499932?
9
What is the ten thousands digit of 191612?
9
What is the units digit of 442128?
8
What is the ten thousands digit of 407439?
0
What is the hundred thousands digit of 167140?
1
What is the thousands digit of 523025?
3
What is the hundreds digit of 1141182?
1
What is the thousands digit of 296603?
6
What is the ten thousands digit of 4024371?
2
What is the thousands digit of 3103398?
3
What is the ten thousands digit of 5246209?
4
What is the tens digit of 853314?
1
What is the units digit of 1460833?
3
What is the hundreds digit of 38697?
6
What is the thousands digit of 487809?
7
What is the hundreds digit of 144584?
5
What is the tens digit of 1390292?
9
What is the millions digit of 5566595?
5
What is the thousands digit of 226068?
6
What is the thousands digit of 325455?
5
What is the thousands digit of 1284784?
4
What is the hundred thousands digit of 673594?
6
What is the tens digit of 470479?
7
What is the hundreds digit of 367858?
8
What is the hundred thousands digit of 13098082?
0
What is the hundreds digit of 1246562?
5
What is the tens digit of 1229500?
0
What is the ten millions digit of 13807101?
1
What is the hundreds digit of 425502?
5
What is the tens digit of 836500?
0
What is the units digit of 4323412?
2
What is the units digit of 383988?
8
What is the ten thousands digit of 382461?
8
What is the hundreds digit of 3579876?
8
What is the thousands digit of 213325?
3
What is the thousands digit of 3186805?
6
What is the hundreds digit of 332294?
2
What is the millions digit of 1116145?
1
What is the ten millions digit of 10467050?
1
What is the ten thousands digit of 1357425?
5
What is the thousands digit of 1170711?
0
What is the ten thousands digit of 1487858?
8
What is the thousands digit of 886029?
6
What is the tens digit of 84292?
9
What is the thousands digit of 369446?
9
What is the tens digit of 1906518?
1
What is the tens digit of 693202?
0
What is the hundreds digit of 53914?
9
What is the hundred thousands digit of 10821819?
8
What is the hundreds digit of 1250373?
3
What is the units digit of 114186?
6
What is the thousands digit of 21843379?
3
What is the hundred thousands digit of 14700593?
7
What is the units digit of 62539?
9
What is the hundred thousands digit of 11099453?
0
What is the thousands digit of 174926?
4
What is the hundreds digit of 42227956?
9
What is the hundreds digit of 31876593?
5
What is the hundreds digit of 374904?
9
What is the tens digit of 1989001?
0
What is the thousands digit of 8892549?
2
What is the ten thousands digit of 75589?
7
What is the hundreds digit of 208237?
2
What is the tens digit of 7253859?
5
What is the units digit of 52104?
4
What is the thousands digit of 939002?
9
What is the ten thousands digit of 178061?
7
What is the ten thousands digit of 1462007?
6
What is the ten thousands digit of 33446395?
4
What is the thousands digit of 1276435?
6
What is the units digit of 291118?
8
What is the hundreds digit of 151977?
9
What is the hundreds digit of 1181423?
4
What is the ten thousands digit of 438160?
3
What is the tens digit of 667460?
6
What is the tens digit of 556461?
6
What is the tens digit of 177775?
7
What is the hundreds digit of 1015319?
3
What is the hundreds digit of 244432?
4
What is the ten thousands digit of 573441?
7
What is the hundred thousands digit of 2254073?
2
What is the millions digit of 2360647?
2
What is the hundred thousands digit of 10230990?
2
